35). What are the prime factors of (s/(-3))/((-10)/225)?
3, 5
Let i = -10 + 50. List the prime factors of i.
2, 5
Suppose 0*s + 3*s - 3 = 5*g, 0 = 3*s + 3*g - 3. Let z(v) = 2*v + 9. Let q be z(-6). What are the prime factors of -2 + (s*-60)/q?
2, 3
What are the prime factors of -1*100*2/(-4)?
2, 5
Let s(j) = 2*j**2 - 1 - 2*j**2 - 2*j**2 + j**2. Let w be s(-1). What are the prime factors of (3 - 23/2)*w?
17
Let q(v) = -7*v. Let u be q(-6). Suppose 3*w + 6 = 0, 2*n = -2*n + w + u. What are the prime factors of (n/8)/(1/4)?
5
Let q be 386/2 + (5 - 3). Let y = -139 + q. What are the prime factors of y?
2, 7
Suppose 0 = -33*j + 31*j + 302. What are the prime factors of j?
151
Let b(m) = 8*m**2 + m + 9. What are the prime factors of b(5)?
2, 107
Let a(x) = x**3 - 7*x**2 + 7*x - 2. Let h be a(6). Suppose -5 = -3*k + 2*v + 2*v, -v = -h*k + 24. What are the prime factors of k?
7
Let m = 51 - -11. What are the prime factors of m?
2, 31
Suppose -o - 3*d = 0, 4*d - 3*d - 70 = -5*o. Suppose 6 = 3*k - o. What are the prime factors of k?
7
Let t(w) = w**3 + 6*w**2 + 4*w - 3. Let d be t(-5). Suppose j = -d*j + 27. Suppose -8 = 2*v + 4*f, -5*v - 2*f + j = -11. List the prime factors of v.
2, 3
Let c be 20/6*3 + -2. Suppose 2*x = r - x + c, -6 = r - x. What are the prime factors of 2/r + (-44)/(-10)?
2
List the prime factors of (-10)/6*3*-5.
5
Let i(d) = -2*d**3 - 6*d**2 - 8*d + 1. What are the prime factors of i(-6)?
5, 53
Let l = -2 - -4. Suppose 4*g = -3*y + 40, -5*g = l*y - 5*y + 85. List the prime factors of y.
2, 5
Let j be (5 - 6/2) + -3. List the prime factors of j*2*19/(-2).
19
Suppose -2*s - t - 7 = 0, -2*s - 9 = -4*t - 27. Let k be (s + (-3)/12)*-4. Suppose 0 = -5*f - k*a + 25, 4*a + 3 = -5*f + 25. List the prime factors of f.
2
What are the prime factors of ((-8)/(-3))/((-22)/(-495))?
2, 3, 5
Let d(l) = l - 1. Let y(j) = 2*j - 3. Let r(u) = 4*d(u) - y(u). What are the prime factors of r(5)?
3
Let q = 6 - 2. Let d = 1 - 2. Let f = q - d. What are the prime factors of f?
5
Let q(u) = 11*u + 19. What are the prime factors of q(10)?
3, 43
What are the prime factors of (-3)/((-6)/106) - 1?
2, 13
Let c = 3 + -1. Suppose 0 = c*p + p - 6. What are the prime factors of p?
2
Let l(w) = -3*w + 4. Let c = 17 + -11. Let a(i) = 1. Let j(g) = c*a(g) - l(g). What are the prime factors of j(3)?
11
Suppose 4*h = 2*q - 3*q + 76, -q - h = -70. List the prime factors of ((-21)/(-14))/(2/q).
3, 17
Let v(w) = -w**3 + 4*w**2 + 3*w + 6. Let r be v(6). Let k = r + 127. Suppose 11 = -4*c + k. List the prime factors of c.
17
Let o(h) = -h**2 + 6*h - 6. Let m be o(5). Let b be 39/(-5) - m/(-5). Let r = 5 - b. What are the prime factors of r?
13
Let a = 9 - 6. Let y = a - 1. Suppose -y*p + 11 + 5 = 0. What are the prime factors of p?
2
Let d(k) = 3*k**2 - 7*k - 21. Let p(f) = -2*f**2 + 4*f + 10. Let o(r) = -3*d(r) - 5*p(r). List the prime factors of o(0).
13
What are the prime factors of 1 + -1 + (13 - -92)?
3, 5, 7
Let s(b) = b**2 - 9*b + 4. Suppose -2*d - 44 = -6*d. What are the prime factors of s(d)?
2, 13
Let i = -135 + 221. What are the prime factors of i?
2, 43
Let a be ((-18)/(-4))/((-3)/4). Let c = a - -15. What are the prime factors of c?
3
Let i = -17 - 11. List the prime factors of ((-72)/14)/(6/i).
2, 3
Let v(w) = -4*w**2 - w. Let y(b) = -b**2 - b + 1. Let j(u) = -v(u) + 3*y(u). List the prime factors of j(2).
3
Suppose -y + 0*y = -5. Let d be -2*3/(-10)*y. Let v(c) = -c**2 + 4*c. List the prime factors of v(d).
3
Let v(h) = h + 18. Let l be v(-10). Suppose 0 = -n + g - 4*g - 8, -4*n + l = 2*g. Let s = n - 1. What are the prime factors of s?
3
Let n = -12 + 20. List the prime factors of n.
2
Let c(o) = -o**2 + 2*o - 1. Let i be c(1). Suppose -4*w + 16 = 0, 29 = u + 2*w - i*w. List the prime factors of u.
3, 7
Let b(u) = u**3 + 2*u**2 + 2. Let i be b(-2). What are the prime factors of 72/(-30)*(-5)/i?
2, 3
Let d = -121 - -144. What are the prime factors of d?
23
Let d(o) = -8 + o + 4*o + 5 + o**2. Let p be d(4). Suppose -47 = -4*q + w, 7*q - 3*w - p = 4*q. List the prime factors of q.
2, 3
Let s(v) = v**3 - v**2 - v + 5. Let b be s(0). Suppose -37 = -4*y + 23. Let u = y - b. What are the prime factors of u?
2, 5
Let u(q) = 12*q + 3. List the prime factors of u(4).
3, 17
What are the prime factors of 7 + 2 + (-10)/(-5)?
11
Suppose 2*j - 7 = 2*i - i, -j - 1 = -5*i. Suppose -2*v - 2*n = 2, j*v - 2*v - 3*n - 13 = 0. What are the prime factors of 14 + v + -2 + 2?
2
Suppose 2*d - 369 = -6*b + 5*b, 355 = b - 5*d. List the prime factors of b.
5, 73
Let a(l) = -l**2 + 4*l + 4. Let x be a(5). Let z be (2 + -2 - -5)*x. What are the prime factors of z/(-1) - 2/(-1)?
7
Let k(j) = 42*j**2 - 3*j - 2. List the prime factors of k(-1).
43
Let u = -97 + 137. Suppose -u + 14 = -2*i. List the prime factors of i.
13
Suppose -1 = 2*m + 1. What are the prime factors of 9 - (3 + -2)*m?
2, 5
Let s = -61 + 142. List the prime factors of s.
3
Let p(b) = b - 1. Let c be p(5). Suppose -c*t - v + 11 = 0, 17 + 8 = 5*t + 5*v. List the prime factors of 1/((t/17)/2).
17
Suppose 0 = 4*x - 12. Suppose -4*w - 26 = -2*d, -11 = x*d - 0*d + 4*w. Suppose 0 = -4*a - j + 10 + 25, 2*a - 25 = -d*j. What are the prime factors of a?
2
Suppose -3*o = 2*k - 18, 1 = -o - 3*k + 14. Suppose -22 = 2*v - 2*u + o*u, -29 = 3*v + u. List the prime factors of v/3*8/(-3).
2
Suppose -2*f + 6 = -3*d + 2*f, -27 = 4*d + f. Let c be (-85)/(-15) - (-4)/d. Suppose -c = -3*z + 22. List the prime factors of z.
3
Suppose -102 = 7*d - 9*d. What are the prime factors of d?
3, 17
Let b(c) = c**3 - 15*c**2 + c + 19. Suppose -4*z + 3*i = -60, 4*z + i = -0*z + 60. What are the prime factors of b(z)?
2, 17
Suppose -270 + 45 = -3*q. What are the prime factors of q?
3, 5
Let k(r) = 4*r**3 - r**2 - 3. List the prime factors of k(2).
5
Let n(j) = -j + 7. Let q be n(8). List the prime factors of 13 + q + -3 + 4.
13
Let l(v) = v - 2. Let z(w) = -2*w + 1. Let m(u) = -4*l(u) - 3*z(u). Let k be m(7). Let h = k + -11. What are the prime factors of h?
2
What are the prime factors of (9 + -13)*(-101)/2?
2, 101
Suppose -11*o + 8*o = -186. Let w = o + -33. What are the prime factors of w?
29
Suppose 4*d = -z + 5*z + 76, 0 = -5*d - 3*z + 71. Suppose 0 = 4*t - 2*t + d. Let l = t + 17. What are the prime factors of l?
3
Suppose 5 = -o + 2*o. Suppose -85 = -3*v + 2*g, -126 - 15 = -o*v + 4*g. List the prime factors of v.
29
Let z = -202 + 598. List the prime factors of z.
2, 3, 11
Let b = 99 - -82. List the prime factors of b.
181
Let t(k) = -2*k**3 + k**2 - 3*k - 2. Let s be t(3). Let o = -26 - s. What are the prime factors of o?
2, 3, 5
Suppose -5*l = -3*l + 2. List the prime factors of 6 - (4 + -2 + l).
5
Let k = 167 - 40. What are the prime factors of k?
127
Let d = 60 + -40. Suppose -y + d = y. What are the prime factors of y?
2, 5
Suppose 0 = -2*s - 2*s + 152. Suppose -2*o = -f + 3*f - s, -4 = -f + 4*o. List the prime factors of f.
2
Let a be 0/1 - (-6)/3. Suppose -a*s - s + 15 = 0. Suppose 4*z - 43 = -4*y + s, -y - 2*z = -15. What are the prime factors of y?
3
Let i be 8/(-1*(-4)/2). Suppose -i*b - 11 + 3 = 0. What are the prime factors of (b/2)/(2/(-6))?
3
Suppose -4*i = -s - 333, -4*i + 2*i + 149 = 3*s. Let p = -43 + i. List the prime factors of p.
3, 13
Let u be (0 - -2)/((-2)/(-41)). Let i = -21 + u. Suppose -2*s = 5*a - 30, i = 2*a + 3*a + 4*s. List the prime factors of a.
2
List the prime factors of 4*(69/6 - 4).
2, 3, 5
Let o(y) = 5*y**2 + 5*y + 7. What are the prime factors of o(-3)?
37
Let z(f) = -f**2 - 8*f + 3. Let n be z(-9). Let r(o) = -o - 4. Let w be r(n). Suppose -14 + 2 = -w*k. What are the prime factors of k?
2, 3
Suppose -34 = 2*z - 156. List the prime factors of z.
61
Let m(u) = -3*u - 4. Let s be m(-2). Suppose 3*q - s*y = -3*y + 1, 0 = 5*q + 2*y. List the prime factors of q.
2
List the prime factors of 4361/35 + 12/5 + -2.
5
Let j be 3*((-4)/(-6) - -1). Suppose 5*v = -3*r + 43, 2*r - j*r = -2*v + 13. Suppose 0 = -x - 1 + v. List the prime factors of x.
7
Suppose -4*l - 4*f = -84, l - 3*l + f + 39 = 0. Let y = 41 - l. What are the prime factors of y?
3, 7
Suppose -55 = -5*y - 5*n, -5*y = 2*n + n - 55. List the prime factors of y.
11
Let w = -4 + 3. Let n be 1*1*(w + 0). What are the prime factors of 0 + 0 + (5 - n)?
2, 3
Let d(q)